-15))*35?
2
Let w(v) = 3*v**3 - 4*v**2 + 4*v - 2. Let n be w(2). Let u be 1*3 + 196/n. Suppose -u = -2*z + 3. What is the tens digit of z?
1
Let q(b) = 26*b + 17. Let n be q(-6). Let t = -78 - n. What is the units digit of t?
1
Let y(n) be the third derivative of 5*n**4/24 - 5*n**3/6 - 2*n**2. What is the tens digit of y(7)?
3
Let a be (-1)/(-2) + (-7 - 85/(-10)). Suppose -a*b + 764 = 2*b. What is the hundreds digit of b?
1
Let x(m) = 346*m**2 + 14*m + 32. What is the hundreds digit of x(-2)?
3
Let d = 1771 + -1146. What is the units digit of d?
5
Let q = 1397 + -887. What is the units digit of q?
0
Suppose -2*p = n + 20, -3*p - 6*n + 8*n - 16 = 0. Let a(z) = z**2 + 4*z + 23. What is the tens digit of a(p)?
5
Suppose -5*b + 8791 = 2*l, -11*b + 5277 = -8*b + 2*l. What is the units digit of b?
7
Suppose 36*m - 14635 = -5*x + 35*m, -4*x - 4*m + 11724 = 0. What is the hundreds digit of x?
9
Let u be (-12971)/(-17)*4/14. Let s = 78 + u. What is the tens digit of s?
9
Suppose 4*u + 4*w - 3064 = 3*w, -3*u - 3*w + 2307 = 0. What is the units digit of u?
5
Let x(d) = 3*d**2 - 25*d - 29. Let a(r) = r**2 - 8*r - 10. Let i(f) = 11*a(f) - 4*x(f). Let n be i(8). Let j = -13 + n. What is the tens digit of j?
2
Let m be ((-2)/6)/((-4)/36). Suppose -m*f + 18 = -138. What is the tens digit of -13 + f + 2/1?
4
Let m = 89 + -83. Suppose -3*f + m*f - 78 = 0. What is the tens digit of f?
2
Suppose 30*d - 44*d = -6202. What is the units digit of d?
3
Let y be (-1 - 1)/(2/6). Let r be y/8 - (-489)/12. Suppose 3*z + 5*v - r = 0, z = -3*z + v + 38. What is the tens digit of z?
1
What is the hundreds digit of (-432 - 1)/(5*1/(-5))?
4
Suppose -4*x - 1616 = -4*y, y - 3*x + 143 - 539 = 0. Suppose y = a + 3*a. What is the hundreds digit of a?
1
Let n(c) = c**3 - 2*c**2 - 3*c + 2. Let m be n(3). What is the units digit of 51/m*24/9?
8
Suppose -117*f - 14772 = -123*f. What is the tens digit of f?
6
Let c(l) = -9*l. Let x be c(-5). Suppose -12*k + 7*k = x. What is the tens digit of (-2720)/(-90) - (-2)/k?
3
Let k = 2 - -1. Suppose k*z = -5*m - 2*z + 740, -2*m + 311 = 5*z. What is the tens digit of m?
4
Let z = 248 - -97. What is the tens digit of z?
4
Suppose -a = -6*a - 130. Let y = 29 + a. What is the units digit of y?
3
Let f(m) = m**3 - 2*m**2 - 8*m + 6. Let g be f(5). Let j = -4 - g. What is the units digit of 2 + ((-3)/(-1) - j)?
0
Let t = 14 + -5. Suppose -t*m = 11 - 200. What is the tens digit of m?
2
Suppose -2*f - 5*v = 2*f - 16, -4*f + 2*v + 44 = 0. What is the units digit of (-3)/(-1) - 9/f?
2
Suppose 10*m - 107 = 133. What is the units digit of (1 + m/(-9))/(4/(-564))?
5
Suppose 1 - 4 = -a. Suppose -a*n + 40 = -2*n. Suppose 42*v - n*v = 62. What is the units digit of v?
1
Let n be (-372)/21 + (-2)/7. Let u be (-118)/(-15) + n/(-135). What is the units digit of (44/8)/(4/u)?
1
Let a(s) = -15*s + 20. Let z be a(-12). Suppose 4*y - z = 4*c, 0 = -4*y - 4*c - c + 164. What is the units digit of y?
6
Suppose -d + 84 = 3*k, -410 = -4*d + 2*k - 88. Let y = d - 13. Suppose 0 = -3*f + y + 16. What is the tens digit of f?
2
Let n(b) = -b**3 + b**2 + 3*b - 2. Let p be n(3). Let w = -99 - -113. Let i = w - p. What is the tens digit of i?
2
Let v = -397 + 802. What is the tens digit of v?
0
Let f = -2391 + 5239. What is the hundreds digit of f?
8
Let l = -23 + 52. Let o = 10 + -7. Suppose -o*u + l = -2*u. What is the tens digit of u?
2
Let k = 1654 + -923. What is the tens digit of k?
3
Let t = 2933 - 1733. What is the units digit of t?
0
Suppose 3*t - 3*r + 2522 = 13298, 14374 = 4*t - r. What is the hundreds digit of t?
5
Let u(p) = 41*p**3 - 2*p**2 + 8*p - 10. What is the hundreds digit of u(4)?
6
Let o(s) = 2*s**2 - s - 1. Let i be o(2). Suppose -i*x - 106 + 6 = 0. What is the units digit of (-185)/(-4) + 5/x?
6
What is the tens digit of -1 + 1089 - (-2 - (11 + -9))?
9
Let s = 520 - -441. What is the hundreds digit of s?
9
Suppose -4*y - 3*u + 33 = 0, 5*y - u - u - 24 = 0. Suppose 114 = 3*a + 4*l, l - 76 = -2*a + y*l. What is the tens digit of a?
3
What is the hundreds digit of (-29872)/(-24) - 6/9?
2
Suppose -2*n = -4*f + 3*n - 13, -4*n + 8 = -4*f. Suppose -u = -3*j + 481, -f*u - 785 = -5*j + 2*u. What is the tens digit of j?
6
Suppose 10*d + 1082 = z + 11*d, 5 = -d. Suppose 4*c = 5*m + z, 218 = 5*c + 5*m - 1107. What is the tens digit of c?
6
Let h(g) = -8*g**2 + 0*g + 9*g**2 + 5 + 6*g - 2. Let f be h(-5). Let q(b) = 7*b**2 - 2*b - 3. What is the tens digit of q(f)?
2
Suppose -3*z = -z, -250 = -5*d + 3*z. Suppose 4*v = -d - 82. Let n = 48 + v. What is the units digit of n?
5
Let v be -2*(14/4)/(-7). Let s be v/(-6) + 337/6. Suppose 0 = 2*u + 4*z - s, z + 29 = u + 4*z. What is the tens digit of u?
2
Suppose -6*x = -x - 100. Let m be 1/((4/x)/1). What is the units digit of 6*(m/(-2) - -3)?
3
Let h be (275/165)/(0 + (-2)/(-6)). Suppose 3*b - n + 569 = 7*b, -h*b + 4*n + 706 = 0. What is the units digit of b?
2
Let a(u) = u**3 + 11*u**2 + 3*u - 4. Let r = -35 - -25. What is the tens digit of a(r)?
6
Suppose -22*w + 19*w + 633 = 0. Suppose 5*q = 7*q - 3*c - w, -5*q + 505 = -3*c. What is the tens digit of q?
9
Let n be (-820)/(-36) - 4/(-18). Suppose 11*g - 152 = 7*g. Let r = g - n. What is the tens digit of r?
1
Let f be (-86)/(-14) - ((-4)/(-28) - 0). Let l = f + 0. What is the units digit of l?
6
Suppose 3*j = 4*z + 173 + 74, -4*j = 12. Let t = -100 - z. Let o = 50 + t. What is the tens digit of o?
1
Suppose -46 = -u + 2*b, 7*u + 117 = 9*u + b. What is the units digit of u?
6
Let c be (-27)/(-6)*(-50)/(-15). Let s = 33 - c. What is the units digit of s?
8
Suppose 5*w - 7038 = 2*m, w + 5*m = 3*m + 1410. What is the units digit of w?
8
Let l(g) = 3*g**2 + 11*g - 25. What is the units digit of l(8)?
5
Let d = -262 + 160. Let z = d + 175. What is the tens digit of z?
7
Suppose -7*a + 926 + 446 = 0. Let i = -56 + a. What is the units digit of i?
0
Let r = -345 + 555. What is the tens digit of r?
1
Let l = 181 + 644. What is the tens digit of l?
2
Let v = 1890 - 372. What is the units digit of v/10 - (8/10 - 1)?
2
Let h be ((-38)/3)/(12/(-18)). Let w be -7 + -4 + -2 + 2. Let a = w + h. What is the units digit of a?
8
Let h = 19 + -20. Let u be (14 - 13)*(-1)/h. What is the tens digit of 82/(-2*u/(-1))?
4
Suppose 0 = 3*c - 2*c - 3. Suppose 103 = -c*d + 7. What is the tens digit of -1 + 3 - (d - -11)?
2
Let n(u) = 3*u + 3. Let j be n(9). Suppose 0 = -j*t + 26*t + 96. What is the tens digit of t?
2
Let z(b) = -7*b**2 + 7*b - 4. Let i(j) = 22*j**2 - 21*j + 13. Let p(m) = 2*i(m) + 7*z(m). Let y be p(4). Let s = -14 - y. What is the units digit of s?
0
Suppose c - 4*i - 334 = 0, -5*c + 2*c = -5*i - 1009. Suppose 0 = -11*y + 135 + c. What is the units digit of y?
3
Let o be (-39)/(((-2)/4)/(8/16)). What is the units digit of 36*3/36*o?
7
Suppose 24*w - 23*w - 189 = 0. Suppose -136 - w = -5*o. Suppose -4*j + 235 = 3*f, o = f - 0*j - 2*j. What is the tens digit of f?
7
Let j(g) be the third derivative of g**4/6 + g**3/3 + g**2. Let s(i) = i**2 - 25*i + 3. Let h be s(25). What is the units digit of j(h)?
4
What is the units digit of (-4)/46 + 242250/690?
1
Suppose 5*c = -5*c + 9820. What is the tens digit of c?
8
Let d(m) = 22*m**2 + 2*m - 1. Let t = -25 + 13. Let r = t + 13. What is the units digit of d(r)?
3
Let p = -1047 + 2129. What is the units digit of p?
2
Suppose -10*q - 16555 = -21*q. What is the hundreds digit of q?
5
Suppose 38*w - 2852 = 1024. What is the units digit of w?
2
Let i be 1/((-6)/(-4)) - (-10566)/(-54). What is the hundreds digit of (12/(-5))/(3/i)?
1
Suppose -65 = -17*f + 16*f. Suppose f = -8*g + 305. What is the tens digit of g?
3
What is the hundreds digit of 357 + 1 - 2/((-10)/15)?
3
Let j(z) = -z + 19. What is the tens digit of j(-8)?
2
Let w(p) = -2*p**2 - 41*p - 19. What is the tens digit of w(-18)?
7
Let g be 20/(-2) + 2 + 1. Let b(d) = -d**2 - 6*d + 3. Let t be b(g). Let f = 1 - t. What is the units digit of f?
5
Let j(y) = -8*y - 3. Let z be j(-4). Suppose 3*p - z = 2*p + 3*r, 2*p - 5*r = 61. What is the tens digit of p?
3
Suppose 6*q = q - 4*t - 100, -2*t + 40 = -2*q. Let k = q - -94. What is the units digit of k?
4
Let b(n) = -4*n - 4. Let u be b(-2). What is the tens digit of u/(-30) - 9320/(-150)?
6
Let p = -181 - -270. What is the units digit of p?
